{"id":21,"date":"2022-02-17T17:01:45","date_gmt":"2022-02-17T17:01:45","guid":{"rendered":"https:\/\/www.machbar.one\/index.php\/offene-machbar\/"},"modified":"2023-11-14T14:54:20","modified_gmt":"2023-11-14T14:54:20","slug":"offene-machbar","status":"publish","type":"page","link":"https:\/\/www.machbar.one\/index.php\/offene-machbar\/","title":{"rendered":"Offene Machbar"},"content":{"rendered":"\n    \n    <section class=\"u-clearfix u-section-2\" id=\"sec-4d15\">\n      <div class=\"u-clearfix u-sheet u-sheet-1\">\n        <div class=\"u-clearfix u-expanded-width u-gutter-20 u-layout-wrap u-layout-wrap-1\">\n          <div class=\"u-gutter-0 u-layout\">\n            <div class=\"u-layout-row\">\n              <div class=\"u-size-30\">\n                <div class=\"u-layout-col\">\n                  <div class=\"u-container-style u-layout-cell u-size-60 u-layout-cell-1\">\n                    <div class=\"u-border-2 u-border-grey-75 u-container-layout u-container-layout-1\">\n                      <h4 class=\"u-align-center u-text u-text-1\">Offene machBAR<\/h4>\n                      <div class=\"u-align-center u-border-3 u-border-grey-dark-1 u-line u-line-horizontal u-line-1\"><\/div>\n                      <p class=\"u-align-center u-text u-text-2\">Sie k\u00f6nnen alle Werkzeuge und vorhandenes Material ben\u00fctzen (oder ihr eigenes mitbringen), um ihre Ideen zu verwirklichen oder Neues auszuprobieren. Zwischendurch k\u00f6nnen sie sich eine Tasse Tee oder Kaffee an der BAR g\u00f6nnen. Bei Bedarf unterst\u00fctze ich sie mit Tipps oder Ideen. Aus allt\u00e4glichen und ungew\u00f6hnlichen, sowie der Jahreszeit entsprechenden Naturmaterialien helfe ich Ihnen, ihre W\u00fcnsche umzusetzen.&nbsp;Vielleicht m\u00f6chten sie auch einfach ihre Ideen realisieren, verf\u00fcgen aber nicht \u00fcber das ben\u00f6tigte Werkzeug, den Platz oder die Ruhe dann sind sie herzlich willkommen.<\/p>\n                      <h4 class=\"u-align-center u-text u-text-3\">Vorhandene Werkzeuge<\/h4>\n                      <div class=\"u-align-center u-border-3 u-border-grey-dark-1 u-line u-line-horizontal u-line-2\"><\/div>\n                      <ul class=\"u-align-left u-text u-text-4\">\n                        <li> Kreiss\u00e4ge <\/li>\n                        <li> Dekupiers\u00e4ge <\/li>\n                        <li> Stichs\u00e4ge <\/li>\n                        <li> St\u00e4nderbohrmaschine <\/li>\n                        <li> Akkuschrauber <\/li>\n                        <li> Oberfr\u00e4se <\/li>\n                        <li> Schwingschleifer <\/li>\n                        <li> Heissluftf\u00f6n <\/li>\n                        <li> Styroporschneideger\u00e4t <\/li>\n                        <li> div. Handwerkzeuge <\/li>\n                        <li>Diverse Schablone und Stanzer<\/li>\n                      <\/ul>\n                    <\/div>\n                  <\/div>\n                <\/div>\n              <\/div>\n              <div class=\"u-size-30\">\n                <div class=\"u-layout-col\">\n                  <div class=\"u-container-style u-layout-cell u-size-20 u-layout-cell-2\">\n                    <div class=\"u-border-2 u-border-grey-75 u-container-layout u-container-layout-2\">\n                      <h4 class=\"u-align-center u-text u-text-default u-text-5\">Termine:<\/h4>\n                      <div class=\"u-align-center u-border-3 u-border-grey-dark-1 u-line u-line-horizontal u-line-3\"><\/div>\n                      <p class=\"u-align-center u-text u-text-6\">&nbsp;<br>\n                        <br>Die gut eingerichtete machBAR mit angrenzender Werkstatt ist nach Vereinbarung<b>&nbsp;<\/b>zum freien Gestalten ge\u00f6ffnet. \n                      <\/p>\n                    <\/div>\n                  <\/div>\n                  <div class=\"u-container-style u-layout-cell u-size-20 u-layout-cell-3\">\n                    <div class=\"u-border-2 u-border-grey-75 u-container-layout u-container-layout-3\">\n                      <h4 class=\"u-align-center u-text u-text-default u-text-7\">Kosten<\/h4>\n                      <div class=\"u-border-3 u-border-grey-dark-1 u-line u-line-horizontal u-line-4\"><\/div>\n                      <p class=\"u-align-center u-text u-text-8\"><b>Kosten 6.- pro Stunde<\/b>&nbsp;plus Material.<br>Neu kann f\u00fcr eine Jahresgeb\u00fchr von 50.- die offene Werkstatt so oft gen\u00fctzt werden, wie gew\u00fcnscht.\n                      <\/p>\n                    <\/div>\n                  <\/div>\n                  <div class=\"u-container-style u-layout-cell u-size-20 u-layout-cell-4\">\n                    <div class=\"u-border-2 u-border-grey-75 u-container-layout u-valign-top u-container-layout-4\">\n                      <h4 class=\"u-align-center u-text u-text-default u-text-9\">Anmeldung<\/h4>\n                      <div class=\"u-border-3 u-border-grey-dark-1 u-line u-line-horizontal u-line-5\"><\/div>\n                      <p class=\"u-align-center u-text u-text-default u-text-10\"><b>Anmeldung<\/b>&nbsp;via Kontaktformal, E-Mail oder&nbsp;<br>unter 052 681 11 57<br>\n                        <br><b>Bis sp\u00e4testens eine Woche vorher.<\/b>\n                      <\/p>\n                    <\/div>\n                  <\/div>\n                <\/div>\n              <\/div>\n            <\/div>\n          <\/div>\n        <\/div>\n      <\/div>\n    <\/section>\n    \n    \n  \n","protected":false},"excerpt":{"rendered":"<p>Offene machBAR Sie k\u00f6nnen alle Werkzeuge und vorhandenes Material ben\u00fctzen (oder ihr eigenes mitbringen), um ihre Ideen zu verwirklichen oder Neues auszuprobieren. Zwischendurch k\u00f6nnen sie sich eine Tasse Tee oder Kaffee an der BAR g\u00f6nnen. Bei Bedarf unterst\u00fctze ich sie mit Tipps oder Ideen. Aus allt\u00e4glichen und ungew\u00f6hnlichen, sowie der Jahreszeit entsprechenden Naturmaterialien helfe ich &hellip; <a href=\"https:\/\/www.machbar.one\/index.php\/offene-machbar\/\" class=\"more-link\">Continue reading<span class=\"screen-reader-text\"> &#171;Offene Machbar&#187;<\/span><\/a><\/p>\n","protected":false},"author":1,"featured_media":0,"parent":0,"menu_order":6,"comment_status":"closed","ping_status":"closed","template":"","meta":{"footnotes":""},"class_list":["post-21","page","type-page","status-publish","hentry"],"_links":{"self":[{"href":"https:\/\/www.machbar.one\/index.php\/wp-json\/wp\/v2\/pages\/21","targetHints":{"allow":["GET"]}}],"collection":[{"href":"https:\/\/www.machbar.one\/index.php\/wp-json\/wp\/v2\/pages"}],"about":[{"href":"https:\/\/www.machbar.one\/index.php\/wp-json\/wp\/v2\/types\/page"}],"author":[{"embeddable":true,"href":"https:\/\/www.machbar.one\/index.php\/wp-json\/wp\/v2\/users\/1"}],"replies":[{"embeddable":true,"href":"https:\/\/www.machbar.one\/index.php\/wp-json\/wp\/v2\/comments?post=21"}],"version-history":[{"count":5,"href":"https:\/\/www.machbar.one\/index.php\/wp-json\/wp\/v2\/pages\/21\/revisions"}],"predecessor-version":[{"id":164,"href":"https:\/\/www.machbar.one\/index.php\/wp-json\/wp\/v2\/pages\/21\/revisions\/164"}],"wp:attachment":[{"href":"https:\/\/www.machbar.one\/index.php\/wp-json\/wp\/v2\/media?parent=21"}],"curies":[{"name":"wp","href":"https:\/\/api.w.org\/{rel}","templated":true}]}}